{"id":847,"date":"2024-06-16T18:45:18","date_gmt":"2024-06-16T21:45:18","guid":{"rendered":"https:\/\/osaltoempreender.com.br\/site\/?page_id=847"},"modified":"2024-06-19T01:03:46","modified_gmt":"2024-06-19T04:03:46","slug":"sebrae-2","status":"publish","type":"page","link":"https:\/\/osaltoempreender.com.br\/site\/sebrae-2\/","title":{"rendered":"Sebrae"},"content":{"rendered":"\n<figure class=\"wp-block-image aligncenter size-large\"><img decoding=\"async\" src=\"https:\/\/sebrae.com.br\/Sebrae\/Portal%20Sebrae\/Institucional\/sebrae-banner-area_inst-conheca_quemsomos.png\" alt=\"\"\/><\/figure>\n\n\n\n<h2 class=\"wp-block-heading\">Voc\u00ea conhece o Sebrae?<\/h2>\n\n\n\n<p>O Servi\u00e7o Brasileiro de Apoio \u00e0s Micro e Pequenas Empresas (Sebrae) \u00e9 uma entidade privada que promove a competitividade e o desenvolvimento sustent\u00e1vel dos empreendimentos de micro pequenas empresas\u2013 aqueles com faturamento bruto anual de at\u00e9 R$ 4,8 milh\u00f5es.<\/p>\n\n\n\n<p>Atuando com foco no fortalecimento do empreendedorismo e na acelera\u00e7\u00e3o do processo de formaliza\u00e7\u00e3o da economia por meio de parcerias com os setores p\u00fablico e privado, programas de capacita\u00e7\u00e3o, acesso ao cr\u00e9dito e \u00e0 inova\u00e7\u00e3o, est\u00edmulo ao associativismo, incentivo a educa\u00e7\u00e3o empreendedora na educa\u00e7\u00e3o formal, feiras e rodadas de neg\u00f3cios. As solu\u00e7\u00f5es desenvolvidas pelo Sebrae atendem o empreendedor que pretende abrir seu primeiro neg\u00f3cio, at\u00e9 as pequenas empresas que j\u00e1 est\u00e3o consolidadas e buscam um novo posicionamento no mercado e o indiv\u00edduo que busca construir seu projeto de vida desenvolvendo suas compet\u00eancias empreendedoras desde a sua inf\u00e2ncia.<\/p>\n\n\n\n<p>As solu\u00e7\u00f5es desenvolvidas pelo Sebrae atendem desde o empreendedor que pretende abrir seu primeiro neg\u00f3cio at\u00e9 pequenas empresas que j\u00e1 est\u00e3o consolidadas e buscam um novo posicionamento no mercado.<\/p>\n\n\n\n<figure class=\"wp-block-image aligncenter size-large\"><img decoding=\"async\" src=\"https:\/\/sebrae.com.br\/Sebrae\/Portal%20Sebrae\/Imagens%20SebraeNA\/xsede-fachada-sebrae-na.jpg.pagespeed.ic.og0kSWRk8O.webp\" alt=\"\"\/><\/figure>\n\n\n\n<p>Para garantir o atendimento aos pequenos neg\u00f3cios, o Sebrae atua em todo o territ\u00f3rio nacional. Onde tem Brasil, tem Sebrae. Al\u00e9m da sede nacional, em Bras\u00edlia, a institui\u00e7\u00e3o conta com pontos de atendimento nas 27 Unidades da Federa\u00e7\u00e3o, onde s\u00e3o oferecidos&nbsp;cursos, semin\u00e1rios, consultorias e assist\u00eancia t\u00e9cnica para pequenos neg\u00f3cios de todos os setores.<\/p>\n\n\n\n<p>O Sebrae Nacional \u00e9 respons\u00e1vel pelo direcionamento estrat\u00e9gico do sistema, definindo diretrizes e prioridades de atua\u00e7\u00e3o. As unidades estaduais desenvolvem a\u00e7\u00f5es de acordo com a realidade regional e as diretrizes nacionais.<\/p>\n\n\n\n<p>O Sebrae \u00e9 agente de capacita\u00e7\u00e3o e de promo\u00e7\u00e3o do desenvolvimento, mas n\u00e3o \u00e9 uma institui\u00e7\u00e3o financeira, por isso n\u00e3o empresta dinheiro. Articula (junto aos bancos, cooperativas de cr\u00e9dito e institui\u00e7\u00f5es de microcr\u00e9dito) a cria\u00e7\u00e3o de produtos financeiros adequados \u00e0s necessidades do segmento. Tamb\u00e9m orienta os empreendedores para que o acesso ao cr\u00e9dito seja, de fato, um instrumento de melhoria do neg\u00f3cio.<\/p>\n\n\n\n<p>Para saber mais: Entre no&nbsp;<a rel=\"noreferrer noopener\" href=\"http:\/\/www.sebrae.com.br\/sites\/PortalSebrae\" target=\"_blank\">Portal Sebrae<\/a>&nbsp;ou ligue gratuitamente para a Central de Relacionamento Sebrae: 0800 570 0800.<\/p>\n","protected":false},"excerpt":{"rendered":"<p>Voc\u00ea conhece o Sebrae? O Servi\u00e7o Brasileiro de Apoio \u00e0s Micro e Pequenas Empresas (Sebrae) \u00e9 uma entidade privada que promove a competitividade e o desenvolvimento sustent\u00e1vel dos empreendimentos de micro pequenas empresas\u2013 aqueles com faturamento bruto anual de at\u00e9 R$ 4,8 milh\u00f5es. Atuando com foco no fortalecimento do empreendedorismo e na acelera\u00e7\u00e3o do processo [&hellip;]<\/p>\n","protected":false},"author":1,"featured_media":0,"parent":0,"menu_order":0,"comment_status":"closed","ping_status":"closed","template":"","meta":{"footnotes":""},"class_list":["post-847","page","type-page","status-publish","hentry"],"blocksy_meta":{"has_hero_section":"disabled","styles_descriptor":{"styles":{"desktop":"","tablet":"","mobile":""},"google_fonts":[],"version":6}},"yoast_head":"<!-- This site is optimized with the Yoast SEO plugin v22.9 - https:\/\/yoast.com\/wordpress\/plugins\/seo\/ -->\n<title>Sebrae - O Salto - Empreender \u00e9 o Caminho<\/title>\n<meta name=\"robots\" content=\"index, follow, max-snippet:-1, max-image-preview:large, max-video-preview:-1\" \/>\n<link rel=\"canonical\" href=\"https:\/\/osaltoempreender.com.br\/site\/sebrae-2\/\" \/>\n<meta property=\"og:locale\" content=\"pt_BR\" \/>\n<meta property=\"og:type\" content=\"article\" \/>\n<meta property=\"og:title\" content=\"Sebrae - O Salto - Empreender \u00e9 o Caminho\" \/>\n<meta property=\"og:description\" content=\"Voc\u00ea conhece o Sebrae? O Servi\u00e7o Brasileiro de Apoio \u00e0s Micro e Pequenas Empresas (Sebrae) \u00e9 uma entidade privada que promove a competitividade e o desenvolvimento sustent\u00e1vel dos empreendimentos de micro pequenas empresas\u2013 aqueles com faturamento bruto anual de at\u00e9 R$ 4,8 milh\u00f5es. Atuando com foco no fortalecimento do empreendedorismo e na acelera\u00e7\u00e3o do processo [&hellip;]\" \/>\n<meta property=\"og:url\" content=\"https:\/\/osaltoempreender.com.br\/site\/sebrae-2\/\" \/>\n<meta property=\"og:site_name\" content=\"O Salto - Empreender \u00e9 o Caminho\" \/>\n<meta property=\"article:modified_time\" content=\"2024-06-19T04:03:46+00:00\" \/>\n<meta property=\"og:image\" content=\"https:\/\/sebrae.com.br\/Sebrae\/Portal%20Sebrae\/Institucional\/sebrae-banner-area_inst-conheca_quemsomos.png\" \/>\n<meta name=\"twitter:card\" content=\"summary_large_image\" \/>\n<meta name=\"twitter:site\" content=\"@ProgramaOSalto\" \/>\n<meta name=\"twitter:label1\" content=\"Est. tempo de leitura\" \/>\n\t<meta name=\"twitter:data1\" content=\"3 minutos\" \/>\n<script type=\"application\/ld+json\" class=\"yoast-schema-graph\">{\"@context\":\"https:\/\/schema.org\",\"@graph\":[{\"@type\":\"WebPage\",\"@id\":\"https:\/\/osaltoempreender.com.br\/site\/sebrae-2\/\",\"url\":\"https:\/\/osaltoempreender.com.br\/site\/sebrae-2\/\",\"name\":\"Sebrae - O Salto - Empreender \u00e9 o Caminho\",\"isPartOf\":{\"@id\":\"https:\/\/osaltoempreender.com.br\/site\/#website\"},\"primaryImageOfPage\":{\"@id\":\"https:\/\/osaltoempreender.com.br\/site\/sebrae-2\/#primaryimage\"},\"image\":{\"@id\":\"https:\/\/osaltoempreender.com.br\/site\/sebrae-2\/#primaryimage\"},\"thumbnailUrl\":\"https:\/\/sebrae.com.br\/Sebrae\/Portal%20Sebrae\/Institucional\/sebrae-banner-area_inst-conheca_quemsomos.png\",\"datePublished\":\"2024-06-16T21:45:18+00:00\",\"dateModified\":\"2024-06-19T04:03:46+00:00\",\"breadcrumb\":{\"@id\":\"https:\/\/osaltoempreender.com.br\/site\/sebrae-2\/#breadcrumb\"},\"inLanguage\":\"pt-BR\",\"potentialAction\":[{\"@type\":\"ReadAction\",\"target\":[\"https:\/\/osaltoempreender.com.br\/site\/sebrae-2\/\"]}]},{\"@type\":\"ImageObject\",\"inLanguage\":\"pt-BR\",\"@id\":\"https:\/\/osaltoempreender.com.br\/site\/sebrae-2\/#primaryimage\",\"url\":\"https:\/\/sebrae.com.br\/Sebrae\/Portal%20Sebrae\/Institucional\/sebrae-banner-area_inst-conheca_quemsomos.png\",\"contentUrl\":\"https:\/\/sebrae.com.br\/Sebrae\/Portal%20Sebrae\/Institucional\/sebrae-banner-area_inst-conheca_quemsomos.png\"},{\"@type\":\"BreadcrumbList\",\"@id\":\"https:\/\/osaltoempreender.com.br\/site\/sebrae-2\/#breadcrumb\",\"itemListElement\":[{\"@type\":\"ListItem\",\"position\":1,\"name\":\"In\u00edcio\",\"item\":\"https:\/\/osaltoempreender.com.br\/site\/\"},{\"@type\":\"ListItem\",\"position\":2,\"name\":\"Sebrae\"}]},{\"@type\":\"WebSite\",\"@id\":\"https:\/\/osaltoempreender.com.br\/site\/#website\",\"url\":\"https:\/\/osaltoempreender.com.br\/site\/\",\"name\":\"O Salto - Empreender \u00e9 o Caminho\",\"description\":\"\",\"publisher\":{\"@id\":\"https:\/\/osaltoempreender.com.br\/site\/#organization\"},\"potentialAction\":[{\"@type\":\"SearchAction\",\"target\":{\"@type\":\"EntryPoint\",\"urlTemplate\":\"https:\/\/osaltoempreender.com.br\/site\/?s={search_term_string}\"},\"query-input\":\"required name=search_term_string\"}],\"inLanguage\":\"pt-BR\"},{\"@type\":\"Organization\",\"@id\":\"https:\/\/osaltoempreender.com.br\/site\/#organization\",\"name\":\"O Salto - Empreender \u00e9 o Caminho\",\"url\":\"https:\/\/osaltoempreender.com.br\/site\/\",\"logo\":{\"@type\":\"ImageObject\",\"inLanguage\":\"pt-BR\",\"@id\":\"https:\/\/osaltoempreender.com.br\/site\/#\/schema\/logo\/image\/\",\"url\":\"https:\/\/osaltoempreender.com.br\/site\/wp-content\/uploads\/2024\/06\/logo-topo.webp\",\"contentUrl\":\"https:\/\/osaltoempreender.com.br\/site\/wp-content\/uploads\/2024\/06\/logo-topo.webp\",\"width\":632,\"height\":200,\"caption\":\"O Salto - Empreender \u00e9 o Caminho\"},\"image\":{\"@id\":\"https:\/\/osaltoempreender.com.br\/site\/#\/schema\/logo\/image\/\"},\"sameAs\":[\"https:\/\/x.com\/ProgramaOSalto\",\"https:\/\/www.youtube.com\/@OSaltoEmpreender\",\"https:\/\/www.instagram.com\/osalto_empreender\/\"]}]}<\/script>\n<!-- \/ Yoast SEO plugin. -->","yoast_head_json":{"title":"Sebrae - O Salto - Empreender \u00e9 o Caminho","robots":{"index":"index","follow":"follow","max-snippet":"max-snippet:-1","max-image-preview":"max-image-preview:large","max-video-preview":"max-video-preview:-1"},"canonical":"https:\/\/osaltoempreender.com.br\/site\/sebrae-2\/","og_locale":"pt_BR","og_type":"article","og_title":"Sebrae - O Salto - Empreender \u00e9 o Caminho","og_description":"Voc\u00ea conhece o Sebrae? O Servi\u00e7o Brasileiro de Apoio \u00e0s Micro e Pequenas Empresas (Sebrae) \u00e9 uma entidade privada que promove a competitividade e o desenvolvimento sustent\u00e1vel dos empreendimentos de micro pequenas empresas\u2013 aqueles com faturamento bruto anual de at\u00e9 R$ 4,8 milh\u00f5es. Atuando com foco no fortalecimento do empreendedorismo e na acelera\u00e7\u00e3o do processo [&hellip;]","og_url":"https:\/\/osaltoempreender.com.br\/site\/sebrae-2\/","og_site_name":"O Salto - Empreender \u00e9 o Caminho","article_modified_time":"2024-06-19T04:03:46+00:00","og_image":[{"url":"https:\/\/sebrae.com.br\/Sebrae\/Portal%20Sebrae\/Institucional\/sebrae-banner-area_inst-conheca_quemsomos.png"}],"twitter_card":"summary_large_image","twitter_site":"@ProgramaOSalto","twitter_misc":{"Est. tempo de leitura":"3 minutos"},"schema":{"@context":"https:\/\/schema.org","@graph":[{"@type":"WebPage","@id":"https:\/\/osaltoempreender.com.br\/site\/sebrae-2\/","url":"https:\/\/osaltoempreender.com.br\/site\/sebrae-2\/","name":"Sebrae - O Salto - Empreender \u00e9 o Caminho","isPartOf":{"@id":"https:\/\/osaltoempreender.com.br\/site\/#website"},"primaryImageOfPage":{"@id":"https:\/\/osaltoempreender.com.br\/site\/sebrae-2\/#primaryimage"},"image":{"@id":"https:\/\/osaltoempreender.com.br\/site\/sebrae-2\/#primaryimage"},"thumbnailUrl":"https:\/\/sebrae.com.br\/Sebrae\/Portal%20Sebrae\/Institucional\/sebrae-banner-area_inst-conheca_quemsomos.png","datePublished":"2024-06-16T21:45:18+00:00","dateModified":"2024-06-19T04:03:46+00:00","breadcrumb":{"@id":"https:\/\/osaltoempreender.com.br\/site\/sebrae-2\/#breadcrumb"},"inLanguage":"pt-BR","potentialAction":[{"@type":"ReadAction","target":["https:\/\/osaltoempreender.com.br\/site\/sebrae-2\/"]}]},{"@type":"ImageObject","inLanguage":"pt-BR","@id":"https:\/\/osaltoempreender.com.br\/site\/sebrae-2\/#primaryimage","url":"https:\/\/sebrae.com.br\/Sebrae\/Portal%20Sebrae\/Institucional\/sebrae-banner-area_inst-conheca_quemsomos.png","contentUrl":"https:\/\/sebrae.com.br\/Sebrae\/Portal%20Sebrae\/Institucional\/sebrae-banner-area_inst-conheca_quemsomos.png"},{"@type":"BreadcrumbList","@id":"https:\/\/osaltoempreender.com.br\/site\/sebrae-2\/#breadcrumb","itemListElement":[{"@type":"ListItem","position":1,"name":"In\u00edcio","item":"https:\/\/osaltoempreender.com.br\/site\/"},{"@type":"ListItem","position":2,"name":"Sebrae"}]},{"@type":"WebSite","@id":"https:\/\/osaltoempreender.com.br\/site\/#website","url":"https:\/\/osaltoempreender.com.br\/site\/","name":"O Salto - Empreender \u00e9 o Caminho","description":"","publisher":{"@id":"https:\/\/osaltoempreender.com.br\/site\/#organization"},"potentialAction":[{"@type":"SearchAction","target":{"@type":"EntryPoint","urlTemplate":"https:\/\/osaltoempreender.com.br\/site\/?s={search_term_string}"},"query-input":"required name=search_term_string"}],"inLanguage":"pt-BR"},{"@type":"Organization","@id":"https:\/\/osaltoempreender.com.br\/site\/#organization","name":"O Salto - Empreender \u00e9 o Caminho","url":"https:\/\/osaltoempreender.com.br\/site\/","logo":{"@type":"ImageObject","inLanguage":"pt-BR","@id":"https:\/\/osaltoempreender.com.br\/site\/#\/schema\/logo\/image\/","url":"https:\/\/osaltoempreender.com.br\/site\/wp-content\/uploads\/2024\/06\/logo-topo.webp","contentUrl":"https:\/\/osaltoempreender.com.br\/site\/wp-content\/uploads\/2024\/06\/logo-topo.webp","width":632,"height":200,"caption":"O Salto - Empreender \u00e9 o Caminho"},"image":{"@id":"https:\/\/osaltoempreender.com.br\/site\/#\/schema\/logo\/image\/"},"sameAs":["https:\/\/x.com\/ProgramaOSalto","https:\/\/www.youtube.com\/@OSaltoEmpreender","https:\/\/www.instagram.com\/osalto_empreender\/"]}]}},"_links":{"self":[{"href":"https:\/\/osaltoempreender.com.br\/site\/wp-json\/wp\/v2\/pages\/847","targetHints":{"allow":["GET"]}}],"collection":[{"href":"https:\/\/osaltoempreender.com.br\/site\/wp-json\/wp\/v2\/pages"}],"about":[{"href":"https:\/\/osaltoempreender.com.br\/site\/wp-json\/wp\/v2\/types\/page"}],"author":[{"embeddable":true,"href":"https:\/\/osaltoempreender.com.br\/site\/wp-json\/wp\/v2\/users\/1"}],"replies":[{"embeddable":true,"href":"https:\/\/osaltoempreender.com.br\/site\/wp-json\/wp\/v2\/comments?post=847"}],"version-history":[{"count":4,"href":"https:\/\/osaltoempreender.com.br\/site\/wp-json\/wp\/v2\/pages\/847\/revisions"}],"predecessor-version":[{"id":955,"href":"https:\/\/osaltoempreender.com.br\/site\/wp-json\/wp\/v2\/pages\/847\/revisions\/955"}],"wp:attachment":[{"href":"https:\/\/osaltoempreender.com.br\/site\/wp-json\/wp\/v2\/media?parent=847"}],"curies":[{"name":"wp","href":"https:\/\/api.w.org\/{rel}","templated":true}]}}